{"id":754,"date":"2024-01-23T15:11:19","date_gmt":"2024-01-23T14:11:19","guid":{"rendered":"http:\/\/enfancejeunesse-essert.fr\/?page_id=754"},"modified":"2025-02-11T09:28:58","modified_gmt":"2025-02-11T08:28:58","slug":"le-coin-des-familles","status":"publish","type":"page","link":"https:\/\/enfancejeunesse-essert.fr\/index.php\/le-coin-des-familles\/","title":{"rendered":"Le Coin des Familles"},"content":{"rendered":"<ul class=\"wp-block-latest-posts__list has-dates wp-block-latest-posts has-medium-font-size\"><li><div class=\"wp-block-latest-posts__featured-image alignleft\"><a href=\"https:\/\/enfancejeunesse-essert.fr\/index.php\/2024\/03\/14\/les-ecrans-dans-nos-vies\/\" aria-label=\"Les \u00e9crans dans nos vies\"><img decoding=\"async\" width=\"150\" height=\"150\" src=\"https:\/\/enfancejeunesse-essert.fr\/wp-content\/uploads\/2024\/03\/dbe5f123f3bc6cf00c9d075911f677c0-150x150.jpg\" class=\"attachment-thumbnail size-thumbnail wp-post-image\" alt=\"enfant devant un ecran\" style=\"\" srcset=\"https:\/\/enfancejeunesse-essert.fr\/wp-content\/uploads\/2024\/03\/dbe5f123f3bc6cf00c9d075911f677c0-150x150.jpg 150w, https:\/\/enfancejeunesse-essert.fr\/wp-content\/uploads\/2024\/03\/dbe5f123f3bc6cf00c9d075911f677c0-300x300.jpg 300w, https:\/\/enfancejeunesse-essert.fr\/wp-content\/uploads\/2024\/03\/dbe5f123f3bc6cf00c9d075911f677c0.jpg 564w\" sizes=\"(max-width: 150px) 100vw, 150px\" \/><\/a><\/div><a class=\"wp-block-latest-posts__post-title\" href=\"https:\/\/enfancejeunesse-essert.fr\/index.php\/2024\/03\/14\/les-ecrans-dans-nos-vies\/\">Les \u00e9crans dans nos vies<\/a><time datetime=\"2024-03-14T16:01:45+01:00\" class=\"wp-block-latest-posts__post-date\">14 mars 2024<\/time><div class=\"wp-block-latest-posts__post-excerpt\">Caf\u00e9 des parents \u2013 Essert &#8211; 21 novembre 2023<\/div><\/li>\n<li><div class=\"wp-block-latest-posts__featured-image alignleft\"><a href=\"https:\/\/enfancejeunesse-essert.fr\/index.php\/2024\/03\/06\/cafe-des-parents-la-sante-des-0-6-ans\/\" aria-label=\"Caf\u00e9 des parents : la sant\u00e9 des 0-6 ans\"><img decoding=\"async\" width=\"150\" height=\"150\" src=\"https:\/\/enfancejeunesse-essert.fr\/wp-content\/uploads\/2024\/03\/Capture-decran-2024-03-06-a-16.55.39-150x150.png\" class=\"attachment-thumbnail size-thumbnail wp-post-image\" alt=\"\" style=\"\" \/><\/a><\/div><a class=\"wp-block-latest-posts__post-title\" href=\"https:\/\/enfancejeunesse-essert.fr\/index.php\/2024\/03\/06\/cafe-des-parents-la-sante-des-0-6-ans\/\">Caf\u00e9 des parents : la sant\u00e9 des 0-6 ans<\/a><time datetime=\"2024-03-06T12:04:16+01:00\" class=\"wp-block-latest-posts__post-date\">6 mars 2024<\/time><div class=\"wp-block-latest-posts__post-excerpt\">Anim\u00e9 par le Dr Julie Rossi (m\u00e9decin r\u00e9f\u00e9rent des Petits trognons) et le Dr Ana\u00eblle Franquin, cette nouvelle \u00e9dition se\u2026 <a class=\"wp-block-latest-posts__read-more\" href=\"https:\/\/enfancejeunesse-essert.fr\/index.php\/2024\/03\/06\/cafe-des-parents-la-sante-des-0-6-ans\/\" rel=\"noopener noreferrer\">Lire la suite<span class=\"screen-reader-text\">\u00a0: Caf\u00e9 des parents : la sant\u00e9 des 0-6 ans<\/span><\/a><\/div><\/li>\n<\/ul>","protected":false},"excerpt":{"rendered":"","protected":false},"author":2,"featured_media":0,"parent":0,"menu_order":0,"comment_status":"closed","ping_status":"closed","template":"","meta":{"_monsterinsights_skip_tracking":false,"_monsterinsights_sitenote_active":false,"_monsterinsights_sitenote_note":"","_monsterinsights_sitenote_category":0,"footnotes":""},"class_list":["post-754","page","type-page","status-publish","hentry"],"yoast_head":"<!-- This site is optimized with the Yoast SEO plugin v22.8 - https:\/\/yoast.com\/wordpress\/plugins\/seo\/ -->\n<title>Le Coin des Familles - Enfance jeunesse Essert<\/title>\n<meta name=\"robots\" content=\"index, follow, max-snippet:-1, max-image-preview:large, max-video-preview:-1\" \/>\n<link rel=\"canonical\" href=\"https:\/\/enfancejeunesse-essert.fr\/index.php\/le-coin-des-familles\/\" \/>\n<meta property=\"og:locale\" content=\"fr_FR\" \/>\n<meta property=\"og:type\" content=\"article\" \/>\n<meta property=\"og:title\" content=\"Le Coin des Familles - Enfance jeunesse Essert\" \/>\n<meta property=\"og:url\" content=\"https:\/\/enfancejeunesse-essert.fr\/index.php\/le-coin-des-familles\/\" \/>\n<meta property=\"og:site_name\" content=\"Enfance jeunesse Essert\" \/>\n<meta property=\"article:modified_time\" content=\"2025-02-11T08:28:58+00:00\" \/>\n<meta name=\"twitter:card\" content=\"summary_large_image\" \/>\n<script type=\"application\/ld+json\" class=\"yoast-schema-graph\">{\"@context\":\"https:\/\/schema.org\",\"@graph\":[{\"@type\":\"WebPage\",\"@id\":\"https:\/\/enfancejeunesse-essert.fr\/index.php\/le-coin-des-familles\/\",\"url\":\"https:\/\/enfancejeunesse-essert.fr\/index.php\/le-coin-des-familles\/\",\"name\":\"Le Coin des Familles - Enfance jeunesse Essert\",\"isPartOf\":{\"@id\":\"https:\/\/enfancejeunesse-essert.fr\/#website\"},\"datePublished\":\"2024-01-23T14:11:19+00:00\",\"dateModified\":\"2025-02-11T08:28:58+00:00\",\"breadcrumb\":{\"@id\":\"https:\/\/enfancejeunesse-essert.fr\/index.php\/le-coin-des-familles\/#breadcrumb\"},\"inLanguage\":\"fr-FR\",\"potentialAction\":[{\"@type\":\"ReadAction\",\"target\":[\"https:\/\/enfancejeunesse-essert.fr\/index.php\/le-coin-des-familles\/\"]}]},{\"@type\":\"BreadcrumbList\",\"@id\":\"https:\/\/enfancejeunesse-essert.fr\/index.php\/le-coin-des-familles\/#breadcrumb\",\"itemListElement\":[{\"@type\":\"ListItem\",\"position\":1,\"name\":\"Accueil\",\"item\":\"https:\/\/enfancejeunesse-essert.fr\/\"},{\"@type\":\"ListItem\",\"position\":2,\"name\":\"Le Coin des Familles\"}]},{\"@type\":\"WebSite\",\"@id\":\"https:\/\/enfancejeunesse-essert.fr\/#website\",\"url\":\"https:\/\/enfancejeunesse-essert.fr\/\",\"name\":\"Enfance jeunesse Essert\",\"description\":\"Vos actus, planning, dossiers d&#039;inscription...\",\"publisher\":{\"@id\":\"https:\/\/enfancejeunesse-essert.fr\/#organization\"},\"potentialAction\":[{\"@type\":\"SearchAction\",\"target\":{\"@type\":\"EntryPoint\",\"urlTemplate\":\"https:\/\/enfancejeunesse-essert.fr\/?s={search_term_string}\"},\"query-input\":\"required name=search_term_string\"}],\"inLanguage\":\"fr-FR\"},{\"@type\":\"Organization\",\"@id\":\"https:\/\/enfancejeunesse-essert.fr\/#organization\",\"name\":\"Enfance jeunesse Essert\",\"url\":\"https:\/\/enfancejeunesse-essert.fr\/\",\"logo\":{\"@type\":\"ImageObject\",\"inLanguage\":\"fr-FR\",\"@id\":\"https:\/\/enfancejeunesse-essert.fr\/#\/schema\/logo\/image\/\",\"url\":\"https:\/\/enfancejeunesse-essert.fr\/wp-content\/uploads\/2024\/03\/cropped-essert-enfance_Plan-de-travail-1.png\",\"contentUrl\":\"https:\/\/enfancejeunesse-essert.fr\/wp-content\/uploads\/2024\/03\/cropped-essert-enfance_Plan-de-travail-1.png\",\"width\":7057,\"height\":3200,\"caption\":\"Enfance jeunesse Essert\"},\"image\":{\"@id\":\"https:\/\/enfancejeunesse-essert.fr\/#\/schema\/logo\/image\/\"}}]}<\/script>\n<!-- \/ Yoast SEO plugin. -->","yoast_head_json":{"title":"Le Coin des Familles - Enfance jeunesse Essert","robots":{"index":"index","follow":"follow","max-snippet":"max-snippet:-1","max-image-preview":"max-image-preview:large","max-video-preview":"max-video-preview:-1"},"canonical":"https:\/\/enfancejeunesse-essert.fr\/index.php\/le-coin-des-familles\/","og_locale":"fr_FR","og_type":"article","og_title":"Le Coin des Familles - Enfance jeunesse Essert","og_url":"https:\/\/enfancejeunesse-essert.fr\/index.php\/le-coin-des-familles\/","og_site_name":"Enfance jeunesse Essert","article_modified_time":"2025-02-11T08:28:58+00:00","twitter_card":"summary_large_image","schema":{"@context":"https:\/\/schema.org","@graph":[{"@type":"WebPage","@id":"https:\/\/enfancejeunesse-essert.fr\/index.php\/le-coin-des-familles\/","url":"https:\/\/enfancejeunesse-essert.fr\/index.php\/le-coin-des-familles\/","name":"Le Coin des Familles - Enfance jeunesse Essert","isPartOf":{"@id":"https:\/\/enfancejeunesse-essert.fr\/#website"},"datePublished":"2024-01-23T14:11:19+00:00","dateModified":"2025-02-11T08:28:58+00:00","breadcrumb":{"@id":"https:\/\/enfancejeunesse-essert.fr\/index.php\/le-coin-des-familles\/#breadcrumb"},"inLanguage":"fr-FR","potentialAction":[{"@type":"ReadAction","target":["https:\/\/enfancejeunesse-essert.fr\/index.php\/le-coin-des-familles\/"]}]},{"@type":"BreadcrumbList","@id":"https:\/\/enfancejeunesse-essert.fr\/index.php\/le-coin-des-familles\/#breadcrumb","itemListElement":[{"@type":"ListItem","position":1,"name":"Accueil","item":"https:\/\/enfancejeunesse-essert.fr\/"},{"@type":"ListItem","position":2,"name":"Le Coin des Familles"}]},{"@type":"WebSite","@id":"https:\/\/enfancejeunesse-essert.fr\/#website","url":"https:\/\/enfancejeunesse-essert.fr\/","name":"Enfance jeunesse Essert","description":"Vos actus, planning, dossiers d&#039;inscription...","publisher":{"@id":"https:\/\/enfancejeunesse-essert.fr\/#organization"},"potentialAction":[{"@type":"SearchAction","target":{"@type":"EntryPoint","urlTemplate":"https:\/\/enfancejeunesse-essert.fr\/?s={search_term_string}"},"query-input":"required name=search_term_string"}],"inLanguage":"fr-FR"},{"@type":"Organization","@id":"https:\/\/enfancejeunesse-essert.fr\/#organization","name":"Enfance jeunesse Essert","url":"https:\/\/enfancejeunesse-essert.fr\/","logo":{"@type":"ImageObject","inLanguage":"fr-FR","@id":"https:\/\/enfancejeunesse-essert.fr\/#\/schema\/logo\/image\/","url":"https:\/\/enfancejeunesse-essert.fr\/wp-content\/uploads\/2024\/03\/cropped-essert-enfance_Plan-de-travail-1.png","contentUrl":"https:\/\/enfancejeunesse-essert.fr\/wp-content\/uploads\/2024\/03\/cropped-essert-enfance_Plan-de-travail-1.png","width":7057,"height":3200,"caption":"Enfance jeunesse Essert"},"image":{"@id":"https:\/\/enfancejeunesse-essert.fr\/#\/schema\/logo\/image\/"}}]}},"_links":{"self":[{"href":"https:\/\/enfancejeunesse-essert.fr\/index.php\/wp-json\/wp\/v2\/pages\/754","targetHints":{"allow":["GET"]}}],"collection":[{"href":"https:\/\/enfancejeunesse-essert.fr\/index.php\/wp-json\/wp\/v2\/pages"}],"about":[{"href":"https:\/\/enfancejeunesse-essert.fr\/index.php\/wp-json\/wp\/v2\/types\/page"}],"author":[{"embeddable":true,"href":"https:\/\/enfancejeunesse-essert.fr\/index.php\/wp-json\/wp\/v2\/users\/2"}],"replies":[{"embeddable":true,"href":"https:\/\/enfancejeunesse-essert.fr\/index.php\/wp-json\/wp\/v2\/comments?post=754"}],"version-history":[{"count":15,"href":"https:\/\/enfancejeunesse-essert.fr\/index.php\/wp-json\/wp\/v2\/pages\/754\/revisions"}],"predecessor-version":[{"id":2199,"href":"https:\/\/enfancejeunesse-essert.fr\/index.php\/wp-json\/wp\/v2\/pages\/754\/revisions\/2199"}],"wp:attachment":[{"href":"https:\/\/enfancejeunesse-essert.fr\/index.php\/wp-json\/wp\/v2\/media?parent=754"}],"curies":[{"name":"wp","href":"https:\/\/api.w.org\/{rel}","templated":true}]}}