{"id":1458,"date":"2024-03-27T11:42:53","date_gmt":"2024-03-27T10:42:53","guid":{"rendered":"http:\/\/enfancejeunesse-essert.fr\/?page_id=1458"},"modified":"2025-05-21T15:59:57","modified_gmt":"2025-05-21T13:59:57","slug":"dossiers-dinscription-pour-les-3-pommes","status":"publish","type":"page","link":"https:\/\/enfancejeunesse-essert.fr\/index.php\/dossiers-dinscription-pour-les-3-pommes\/","title":{"rendered":"Dossiers d&rsquo;inscription pour les 3 Pommes"},"content":{"rendered":"\t\t<div data-elementor-type=\"wp-page\" data-elementor-id=\"1458\" class=\"elementor elementor-1458\">\n\t\t\t\t<div class=\"elementor-element elementor-element-1921aa9 e-flex e-con-boxed wpr-particle-no wpr-jarallax-no wpr-parallax-no wpr-sticky-section-no e-con e-parent\" data-id=\"1921aa9\" data-element_type=\"container\" data-e-type=\"container\">\n\t\t\t\t\t<div class=\"e-con-inner\">\n\t\t<div class=\"elementor-element elementor-element-7e29c70 e-con-full e-flex wpr-particle-no wpr-jarallax-no wpr-parallax-no wpr-sticky-section-no e-con e-child\" data-id=\"7e29c70\" data-element_type=\"container\" data-e-type=\"container\">\n\t\t\t\t<div class=\"elementor-element elementor-element-32b9778 elementor-widget__width-initial elementor-widget elementor-widget-image\" data-id=\"32b9778\" data-element_type=\"widget\" data-e-type=\"widget\" data-widget_type=\"image.default\">\n\t\t\t\t<div class=\"elementor-widget-container\">\n\t\t\t\t\t\t\t\t\t\t\t\t\t\t\t<img fetchpriority=\"high\" decoding=\"async\" width=\"1024\" height=\"1024\" src=\"https:\/\/enfancejeunesse-essert.fr\/wp-content\/uploads\/2024\/03\/dangerous_important_place_sign_exclamation_mark_point_in_red_circle-1024x1024.jpg\" class=\"attachment-large size-large wp-image-1483\" alt=\"\" srcset=\"https:\/\/enfancejeunesse-essert.fr\/wp-content\/uploads\/2024\/03\/dangerous_important_place_sign_exclamation_mark_point_in_red_circle-1024x1024.jpg 1024w, https:\/\/enfancejeunesse-essert.fr\/wp-content\/uploads\/2024\/03\/dangerous_important_place_sign_exclamation_mark_point_in_red_circle-300x300.jpg 300w, https:\/\/enfancejeunesse-essert.fr\/wp-content\/uploads\/2024\/03\/dangerous_important_place_sign_exclamation_mark_point_in_red_circle-150x150.jpg 150w, https:\/\/enfancejeunesse-essert.fr\/wp-content\/uploads\/2024\/03\/dangerous_important_place_sign_exclamation_mark_point_in_red_circle-768x768.jpg 768w, https:\/\/enfancejeunesse-essert.fr\/wp-content\/uploads\/2024\/03\/dangerous_important_place_sign_exclamation_mark_point_in_red_circle-1536x1536.jpg 1536w, https:\/\/enfancejeunesse-essert.fr\/wp-content\/uploads\/2024\/03\/dangerous_important_place_sign_exclamation_mark_point_in_red_circle-2048x2048.jpg 2048w\" sizes=\"(max-width: 1024px) 100vw, 1024px\" \/>\t\t\t\t\t\t\t\t\t\t\t\t\t\t\t<\/div>\n\t\t\t\t<\/div>\n\t\t\t\t<\/div>\n\t\t<div class=\"elementor-element elementor-element-90d1b39 e-con-full e-flex wpr-particle-no wpr-jarallax-no wpr-parallax-no wpr-sticky-section-no e-con e-child\" data-id=\"90d1b39\" data-element_type=\"container\" data-e-type=\"container\">\n\t\t\t\t<div class=\"elementor-element elementor-element-27d1d9d elementor-widget__width-initial elementor-widget elementor-widget-text-editor\" data-id=\"27d1d9d\" data-element_type=\"widget\" data-e-type=\"widget\" data-widget_type=\"text-editor.default\">\n\t\t\t\t<div class=\"elementor-widget-container\">\n\t\t\t\t\t\t\t\t\t<p>Pour toute inscription p\u00e9riscolaire, mercredi ou vacances, il est imp\u00e9ratif de retourner l&rsquo;ensemble de ces documents remplis et sign\u00e9s en main propre au centre de loisirs.<\/p>\t\t\t\t\t\t\t\t<\/div>\n\t\t\t\t<\/div>\n\t\t\t\t<\/div>\n\t\t\t\t\t<\/div>\n\t\t\t\t<\/div>\n\t\t<div class=\"elementor-element elementor-element-c9990d2 e-flex e-con-boxed wpr-particle-no wpr-jarallax-no wpr-parallax-no wpr-sticky-section-no e-con e-parent\" data-id=\"c9990d2\" data-element_type=\"container\" data-e-type=\"container\">\n\t\t\t\t\t<div class=\"e-con-inner\">\n\t\t\t\t<div class=\"elementor-element elementor-element-e2344e4 elementor-tabs-view-horizontal elementor-widget elementor-widget-tabs\" data-id=\"e2344e4\" data-element_type=\"widget\" data-e-type=\"widget\" data-widget_type=\"tabs.default\">\n\t\t\t\t<div class=\"elementor-widget-container\">\n\t\t\t\t\t\t\t<div class=\"elementor-tabs\">\n\t\t\t<div class=\"elementor-tabs-wrapper\" role=\"tablist\" >\n\t\t\t\t\t\t\t\t\t<div id=\"elementor-tab-title-2371\" class=\"elementor-tab-title elementor-tab-desktop-title\" aria-selected=\"true\" data-tab=\"1\" role=\"tab\" tabindex=\"0\" aria-controls=\"elementor-tab-content-2371\" aria-expanded=\"false\">Rentr\u00e9e scolaire 2025\/2026<\/div>\n\t\t\t\t\t\t\t\t\t<div id=\"elementor-tab-title-2372\" class=\"elementor-tab-title elementor-tab-desktop-title\" aria-selected=\"false\" data-tab=\"2\" role=\"tab\" tabindex=\"-1\" aria-controls=\"elementor-tab-content-2372\" aria-expanded=\"false\">Ann\u00e9e scolaire 2024\/2025<\/div>\n\t\t\t\t\t\t\t<\/div>\n\t\t\t<div class=\"elementor-tabs-content-wrapper\" role=\"tablist\" aria-orientation=\"vertical\">\n\t\t\t\t\t\t\t\t\t<div class=\"elementor-tab-title elementor-tab-mobile-title\" aria-selected=\"true\" data-tab=\"1\" role=\"tab\" tabindex=\"0\" aria-controls=\"elementor-tab-content-2371\" aria-expanded=\"false\">Rentr\u00e9e scolaire 2025\/2026<\/div>\n\t\t\t\t\t<div id=\"elementor-tab-content-2371\" class=\"elementor-tab-content elementor-clearfix\" data-tab=\"1\" role=\"tabpanel\" aria-labelledby=\"elementor-tab-title-2371\" tabindex=\"0\" hidden=\"false\"><p><a href=\"http:\/\/enfancejeunesse-essert.fr\/wp-content\/uploads\/2025\/05\/22-Fonctionnement-clsh-2025-2026.pdf\" target=\"_blank\" rel=\"noopener\">Fonctionnement<\/a>\u00a0<\/p><p><a href=\"http:\/\/enfancejeunesse-essert.fr\/wp-content\/uploads\/2025\/05\/1-dossiers-inscriptions-2025-2026.pdf\" target=\"_blank\" rel=\"noopener\">Dossier d&rsquo;inscription<\/a>\u00a0<\/p><p><a href=\"http:\/\/enfancejeunesse-essert.fr\/wp-content\/uploads\/2025\/05\/7-Fiche-sanitaire-2025-2026.pdf\" target=\"_blank\" rel=\"noopener\">Fiche sanitaire<\/a><\/p><p><a href=\"http:\/\/enfancejeunesse-essert.fr\/wp-content\/uploads\/2025\/05\/6-Fiche-permanents-2025-2026.pdf\" target=\"_blank\" rel=\"noopener\">Fiche d&rsquo;inscriptions permanentes<\/a><\/p><p><a href=\"http:\/\/enfancejeunesse-essert.fr\/wp-content\/uploads\/2024\/03\/attestation-employeur1.pdf\" target=\"_blank\" rel=\"noopener\">Attestation employeur Parent 1<\/a><\/p><p><a href=\"http:\/\/enfancejeunesse-essert.fr\/wp-content\/uploads\/2024\/03\/attestation-employeur-2.pdf\" target=\"_blank\" rel=\"noopener\">Attestation employeur Parent 2<\/a><\/p><\/div>\n\t\t\t\t\t\t\t\t\t<div class=\"elementor-tab-title elementor-tab-mobile-title\" aria-selected=\"false\" data-tab=\"2\" role=\"tab\" tabindex=\"-1\" aria-controls=\"elementor-tab-content-2372\" aria-expanded=\"false\">Ann\u00e9e scolaire 2024\/2025<\/div>\n\t\t\t\t\t<div id=\"elementor-tab-content-2372\" class=\"elementor-tab-content elementor-clearfix\" data-tab=\"2\" role=\"tabpanel\" aria-labelledby=\"elementor-tab-title-2372\" tabindex=\"0\" hidden=\"hidden\"><p><a href=\"http:\/\/enfancejeunesse-essert.fr\/wp-content\/uploads\/2024\/05\/2-Fonctionnement-clsh-2024-2025.pdf\">Fonctionnement<\/a><\/p><p><a href=\"http:\/\/enfancejeunesse-essert.fr\/wp-content\/uploads\/2024\/05\/3-dossiers-inscriptions-2024-2025.pdf\">Dossier d&rsquo;inscription<\/a><\/p><p><a href=\"http:\/\/enfancejeunesse-essert.fr\/wp-content\/uploads\/2024\/05\/7-Fiche-sanitaire-2024-2025.pdf\">Fiche sanitaire<\/a><\/p><p><a href=\"http:\/\/enfancejeunesse-essert.fr\/wp-content\/uploads\/2024\/03\/attestation-employeur1.pdf\">Attestation employeur 1<\/a><\/p><p><a href=\"http:\/\/enfancejeunesse-essert.fr\/wp-content\/uploads\/2024\/03\/attestation-employeur-2.pdf\">Attestation employeur 2<\/a><\/p><\/div>\n\t\t\t\t\t\t\t<\/div>\n\t\t<\/div>\n\t\t\t\t\t\t<\/div>\n\t\t\t\t<\/div>\n\t\t\t\t\t<\/div>\n\t\t\t\t<\/div>\n\t\t\t\t<\/div>\n\t\t","protected":false},"excerpt":{"rendered":"<p>Pour toute inscription p\u00e9riscolaire, mercredi ou vacances, il est imp\u00e9ratif de retourner l&rsquo;ensemble de ces documents remplis et sign\u00e9s en main propre au centre de loisirs. Rentr\u00e9e scolaire 2025\/2026 Ann\u00e9e scolaire 2024\/2025 Rentr\u00e9e scolaire 2025\/2026 Fonctionnement\u00a0 Dossier d&#8217;inscription\u00a0 Fiche sanitaire Fiche d&#8217;inscriptions permanentes Attestation employeur Parent 1 Attestation employeur Parent 2 Ann\u00e9e scolaire 2024\/2025 Fonctionnement [&hellip;]<\/p>\n","protected":false},"author":2,"featured_media":0,"parent":0,"menu_order":0,"comment_status":"closed","ping_status":"closed","template":"","meta":{"_monsterinsights_skip_tracking":false,"_monsterinsights_sitenote_active":false,"_monsterinsights_sitenote_note":"","_monsterinsights_sitenote_category":0,"footnotes":""},"class_list":["post-1458","page","type-page","status-publish","hentry"],"yoast_head":"<!-- This site is optimized with the Yoast SEO plugin v22.8 - https:\/\/yoast.com\/wordpress\/plugins\/seo\/ -->\n<title>Dossiers d&#039;inscription pour les 3 Pommes - Enfance jeunesse Essert<\/title>\n<meta name=\"robots\" content=\"index, follow, max-snippet:-1, max-image-preview:large, max-video-preview:-1\" \/>\n<link rel=\"canonical\" href=\"https:\/\/enfancejeunesse-essert.fr\/index.php\/dossiers-dinscription-pour-les-3-pommes\/\" \/>\n<meta property=\"og:locale\" content=\"fr_FR\" \/>\n<meta property=\"og:type\" content=\"article\" \/>\n<meta property=\"og:title\" content=\"Dossiers d&#039;inscription pour les 3 Pommes - Enfance jeunesse Essert\" \/>\n<meta property=\"og:description\" content=\"Pour toute inscription p\u00e9riscolaire, mercredi ou vacances, il est imp\u00e9ratif de retourner l&rsquo;ensemble de ces documents remplis et sign\u00e9s en main propre au centre de loisirs. Rentr\u00e9e scolaire 2025\/2026 Ann\u00e9e scolaire 2024\/2025 Rentr\u00e9e scolaire 2025\/2026 Fonctionnement\u00a0 Dossier d&#8217;inscription\u00a0 Fiche sanitaire Fiche d&#8217;inscriptions permanentes Attestation employeur Parent 1 Attestation employeur Parent 2 Ann\u00e9e scolaire 2024\/2025 Fonctionnement [&hellip;]\" \/>\n<meta property=\"og:url\" content=\"https:\/\/enfancejeunesse-essert.fr\/index.php\/dossiers-dinscription-pour-les-3-pommes\/\" \/>\n<meta property=\"og:site_name\" content=\"Enfance jeunesse Essert\" \/>\n<meta property=\"article:modified_time\" content=\"2025-05-21T13:59:57+00:00\" \/>\n<meta property=\"og:image\" content=\"http:\/\/enfancejeunesse-essert.fr\/wp-content\/uploads\/2024\/03\/dangerous_important_place_sign_exclamation_mark_point_in_red_circle-1024x1024.jpg\" \/>\n<meta name=\"twitter:card\" content=\"summary_large_image\" \/>\n<meta name=\"twitter:label1\" content=\"Dur\u00e9e de lecture estim\u00e9e\" \/>\n\t<meta name=\"twitter:data1\" content=\"1 minute\" \/>\n<script type=\"application\/ld+json\" class=\"yoast-schema-graph\">{\"@context\":\"https:\/\/schema.org\",\"@graph\":[{\"@type\":\"WebPage\",\"@id\":\"https:\/\/enfancejeunesse-essert.fr\/index.php\/dossiers-dinscription-pour-les-3-pommes\/\",\"url\":\"https:\/\/enfancejeunesse-essert.fr\/index.php\/dossiers-dinscription-pour-les-3-pommes\/\",\"name\":\"Dossiers d'inscription pour les 3 Pommes - Enfance jeunesse Essert\",\"isPartOf\":{\"@id\":\"https:\/\/enfancejeunesse-essert.fr\/#website\"},\"primaryImageOfPage\":{\"@id\":\"https:\/\/enfancejeunesse-essert.fr\/index.php\/dossiers-dinscription-pour-les-3-pommes\/#primaryimage\"},\"image\":{\"@id\":\"https:\/\/enfancejeunesse-essert.fr\/index.php\/dossiers-dinscription-pour-les-3-pommes\/#primaryimage\"},\"thumbnailUrl\":\"http:\/\/enfancejeunesse-essert.fr\/wp-content\/uploads\/2024\/03\/dangerous_important_place_sign_exclamation_mark_point_in_red_circle-1024x1024.jpg\",\"datePublished\":\"2024-03-27T10:42:53+00:00\",\"dateModified\":\"2025-05-21T13:59:57+00:00\",\"breadcrumb\":{\"@id\":\"https:\/\/enfancejeunesse-essert.fr\/index.php\/dossiers-dinscription-pour-les-3-pommes\/#breadcrumb\"},\"inLanguage\":\"fr-FR\",\"potentialAction\":[{\"@type\":\"ReadAction\",\"target\":[\"https:\/\/enfancejeunesse-essert.fr\/index.php\/dossiers-dinscription-pour-les-3-pommes\/\"]}]},{\"@type\":\"ImageObject\",\"inLanguage\":\"fr-FR\",\"@id\":\"https:\/\/enfancejeunesse-essert.fr\/index.php\/dossiers-dinscription-pour-les-3-pommes\/#primaryimage\",\"url\":\"https:\/\/enfancejeunesse-essert.fr\/wp-content\/uploads\/2024\/03\/dangerous_important_place_sign_exclamation_mark_point_in_red_circle-scaled.jpg\",\"contentUrl\":\"https:\/\/enfancejeunesse-essert.fr\/wp-content\/uploads\/2024\/03\/dangerous_important_place_sign_exclamation_mark_point_in_red_circle-scaled.jpg\",\"width\":2560,\"height\":2560},{\"@type\":\"BreadcrumbList\",\"@id\":\"https:\/\/enfancejeunesse-essert.fr\/index.php\/dossiers-dinscription-pour-les-3-pommes\/#breadcrumb\",\"itemListElement\":[{\"@type\":\"ListItem\",\"position\":1,\"name\":\"Accueil\",\"item\":\"https:\/\/enfancejeunesse-essert.fr\/\"},{\"@type\":\"ListItem\",\"position\":2,\"name\":\"Dossiers d&rsquo;inscription pour les 3 Pommes\"}]},{\"@type\":\"WebSite\",\"@id\":\"https:\/\/enfancejeunesse-essert.fr\/#website\",\"url\":\"https:\/\/enfancejeunesse-essert.fr\/\",\"name\":\"Enfance jeunesse Essert\",\"description\":\"Vos actus, planning, dossiers d&#039;inscription...\",\"publisher\":{\"@id\":\"https:\/\/enfancejeunesse-essert.fr\/#organization\"},\"potentialAction\":[{\"@type\":\"SearchAction\",\"target\":{\"@type\":\"EntryPoint\",\"urlTemplate\":\"https:\/\/enfancejeunesse-essert.fr\/?s={search_term_string}\"},\"query-input\":\"required name=search_term_string\"}],\"inLanguage\":\"fr-FR\"},{\"@type\":\"Organization\",\"@id\":\"https:\/\/enfancejeunesse-essert.fr\/#organization\",\"name\":\"Enfance jeunesse Essert\",\"url\":\"https:\/\/enfancejeunesse-essert.fr\/\",\"logo\":{\"@type\":\"ImageObject\",\"inLanguage\":\"fr-FR\",\"@id\":\"https:\/\/enfancejeunesse-essert.fr\/#\/schema\/logo\/image\/\",\"url\":\"https:\/\/enfancejeunesse-essert.fr\/wp-content\/uploads\/2024\/03\/cropped-essert-enfance_Plan-de-travail-1.png\",\"contentUrl\":\"https:\/\/enfancejeunesse-essert.fr\/wp-content\/uploads\/2024\/03\/cropped-essert-enfance_Plan-de-travail-1.png\",\"width\":7057,\"height\":3200,\"caption\":\"Enfance jeunesse Essert\"},\"image\":{\"@id\":\"https:\/\/enfancejeunesse-essert.fr\/#\/schema\/logo\/image\/\"}}]}<\/script>\n<!-- \/ Yoast SEO plugin. -->","yoast_head_json":{"title":"Dossiers d'inscription pour les 3 Pommes - Enfance jeunesse Essert","robots":{"index":"index","follow":"follow","max-snippet":"max-snippet:-1","max-image-preview":"max-image-preview:large","max-video-preview":"max-video-preview:-1"},"canonical":"https:\/\/enfancejeunesse-essert.fr\/index.php\/dossiers-dinscription-pour-les-3-pommes\/","og_locale":"fr_FR","og_type":"article","og_title":"Dossiers d'inscription pour les 3 Pommes - Enfance jeunesse Essert","og_description":"Pour toute inscription p\u00e9riscolaire, mercredi ou vacances, il est imp\u00e9ratif de retourner l&rsquo;ensemble de ces documents remplis et sign\u00e9s en main propre au centre de loisirs. Rentr\u00e9e scolaire 2025\/2026 Ann\u00e9e scolaire 2024\/2025 Rentr\u00e9e scolaire 2025\/2026 Fonctionnement\u00a0 Dossier d&#8217;inscription\u00a0 Fiche sanitaire Fiche d&#8217;inscriptions permanentes Attestation employeur Parent 1 Attestation employeur Parent 2 Ann\u00e9e scolaire 2024\/2025 Fonctionnement [&hellip;]","og_url":"https:\/\/enfancejeunesse-essert.fr\/index.php\/dossiers-dinscription-pour-les-3-pommes\/","og_site_name":"Enfance jeunesse Essert","article_modified_time":"2025-05-21T13:59:57+00:00","og_image":[{"url":"http:\/\/enfancejeunesse-essert.fr\/wp-content\/uploads\/2024\/03\/dangerous_important_place_sign_exclamation_mark_point_in_red_circle-1024x1024.jpg"}],"twitter_card":"summary_large_image","twitter_misc":{"Dur\u00e9e de lecture estim\u00e9e":"1 minute"},"schema":{"@context":"https:\/\/schema.org","@graph":[{"@type":"WebPage","@id":"https:\/\/enfancejeunesse-essert.fr\/index.php\/dossiers-dinscription-pour-les-3-pommes\/","url":"https:\/\/enfancejeunesse-essert.fr\/index.php\/dossiers-dinscription-pour-les-3-pommes\/","name":"Dossiers d'inscription pour les 3 Pommes - Enfance jeunesse Essert","isPartOf":{"@id":"https:\/\/enfancejeunesse-essert.fr\/#website"},"primaryImageOfPage":{"@id":"https:\/\/enfancejeunesse-essert.fr\/index.php\/dossiers-dinscription-pour-les-3-pommes\/#primaryimage"},"image":{"@id":"https:\/\/enfancejeunesse-essert.fr\/index.php\/dossiers-dinscription-pour-les-3-pommes\/#primaryimage"},"thumbnailUrl":"http:\/\/enfancejeunesse-essert.fr\/wp-content\/uploads\/2024\/03\/dangerous_important_place_sign_exclamation_mark_point_in_red_circle-1024x1024.jpg","datePublished":"2024-03-27T10:42:53+00:00","dateModified":"2025-05-21T13:59:57+00:00","breadcrumb":{"@id":"https:\/\/enfancejeunesse-essert.fr\/index.php\/dossiers-dinscription-pour-les-3-pommes\/#breadcrumb"},"inLanguage":"fr-FR","potentialAction":[{"@type":"ReadAction","target":["https:\/\/enfancejeunesse-essert.fr\/index.php\/dossiers-dinscription-pour-les-3-pommes\/"]}]},{"@type":"ImageObject","inLanguage":"fr-FR","@id":"https:\/\/enfancejeunesse-essert.fr\/index.php\/dossiers-dinscription-pour-les-3-pommes\/#primaryimage","url":"https:\/\/enfancejeunesse-essert.fr\/wp-content\/uploads\/2024\/03\/dangerous_important_place_sign_exclamation_mark_point_in_red_circle-scaled.jpg","contentUrl":"https:\/\/enfancejeunesse-essert.fr\/wp-content\/uploads\/2024\/03\/dangerous_important_place_sign_exclamation_mark_point_in_red_circle-scaled.jpg","width":2560,"height":2560},{"@type":"BreadcrumbList","@id":"https:\/\/enfancejeunesse-essert.fr\/index.php\/dossiers-dinscription-pour-les-3-pommes\/#breadcrumb","itemListElement":[{"@type":"ListItem","position":1,"name":"Accueil","item":"https:\/\/enfancejeunesse-essert.fr\/"},{"@type":"ListItem","position":2,"name":"Dossiers d&rsquo;inscription pour les 3 Pommes"}]},{"@type":"WebSite","@id":"https:\/\/enfancejeunesse-essert.fr\/#website","url":"https:\/\/enfancejeunesse-essert.fr\/","name":"Enfance jeunesse Essert","description":"Vos actus, planning, dossiers d&#039;inscription...","publisher":{"@id":"https:\/\/enfancejeunesse-essert.fr\/#organization"},"potentialAction":[{"@type":"SearchAction","target":{"@type":"EntryPoint","urlTemplate":"https:\/\/enfancejeunesse-essert.fr\/?s={search_term_string}"},"query-input":"required name=search_term_string"}],"inLanguage":"fr-FR"},{"@type":"Organization","@id":"https:\/\/enfancejeunesse-essert.fr\/#organization","name":"Enfance jeunesse Essert","url":"https:\/\/enfancejeunesse-essert.fr\/","logo":{"@type":"ImageObject","inLanguage":"fr-FR","@id":"https:\/\/enfancejeunesse-essert.fr\/#\/schema\/logo\/image\/","url":"https:\/\/enfancejeunesse-essert.fr\/wp-content\/uploads\/2024\/03\/cropped-essert-enfance_Plan-de-travail-1.png","contentUrl":"https:\/\/enfancejeunesse-essert.fr\/wp-content\/uploads\/2024\/03\/cropped-essert-enfance_Plan-de-travail-1.png","width":7057,"height":3200,"caption":"Enfance jeunesse Essert"},"image":{"@id":"https:\/\/enfancejeunesse-essert.fr\/#\/schema\/logo\/image\/"}}]}},"_links":{"self":[{"href":"https:\/\/enfancejeunesse-essert.fr\/index.php\/wp-json\/wp\/v2\/pages\/1458","targetHints":{"allow":["GET"]}}],"collection":[{"href":"https:\/\/enfancejeunesse-essert.fr\/index.php\/wp-json\/wp\/v2\/pages"}],"about":[{"href":"https:\/\/enfancejeunesse-essert.fr\/index.php\/wp-json\/wp\/v2\/types\/page"}],"author":[{"embeddable":true,"href":"https:\/\/enfancejeunesse-essert.fr\/index.php\/wp-json\/wp\/v2\/users\/2"}],"replies":[{"embeddable":true,"href":"https:\/\/enfancejeunesse-essert.fr\/index.php\/wp-json\/wp\/v2\/comments?post=1458"}],"version-history":[{"count":61,"href":"https:\/\/enfancejeunesse-essert.fr\/index.php\/wp-json\/wp\/v2\/pages\/1458\/revisions"}],"predecessor-version":[{"id":2408,"href":"https:\/\/enfancejeunesse-essert.fr\/index.php\/wp-json\/wp\/v2\/pages\/1458\/revisions\/2408"}],"wp:attachment":[{"href":"https:\/\/enfancejeunesse-essert.fr\/index.php\/wp-json\/wp\/v2\/media?parent=1458"}],"curies":[{"name":"wp","href":"https:\/\/api.w.org\/{rel}","templated":true}]}}